242 is divided by 1884.
358
Calculate the remainder when 6428 is divided by 6415.
13
What is the remainder when 2240 is divided by 239?
89
What is the remainder when 54268 is divided by 10849?
23
What is the remainder when 19422 is divided by 243?
225
Calculate the remainder when 1928 is divided by 1874.
54
Calculate the remainder when 1641 is divided by 1630.
11
Calculate the remainder when 2585210 is divided by 1454.
1452
Calculate the remainder when 5882 is divided by 453.
446
What is the remainder when 20064 is divided by 10030?
4
Calculate the remainder when 91137 is divided by 35.
32
Calculate the remainder when 7109 is divided by 374.
3
What is the remainder when 18437 is divided by 31?
23
What is the remainder when 9043 is divided by 2255?
23
Calculate the remainder when 50030 is divided by 3542.
442
What is the remainder when 332215 is divided by 37?
29
Calculate the remainder when 762492 is divided by 54463.
10
What is the remainder when 7981 is divided by 187?
127
What is the remainder when 5534 is divided by 31?
16
Calculate the remainder when 4029 is divided by 3702.
327
What is the remainder when 7039 is divided by 1138?
211
Calculate the remainder when 1769948 is divided by 175.
173
Calculate the remainder when 135014 is divided by 5.
4
What is the remainder when 218 is divided by 34?
14
What is the remainder when 9996 is divided by 840?
756
Calculate the remainder when 16927 is divided by 102.
97
What is the remainder when 1496 is divided by 740?
16
Calculate the remainder when 73726 is divided by 5260.
86
What is the remainder when 102486 is divided by 92?
90
Calculate the remainder when 53887 is divided by 1283.
1
Calculate the remainder when 170595 is divided by 57.
51
Calculate the remainder when 20437 is divided by 1361.
22
Calculate the remainder when 52152 is divided by 89.
87
Calculate the remainder when 22287 is divided by 474.
9
What is the remainder when 5296 is divided by 202?
44
What is the remainder when 110243 is divided by 105?
98
What is the remainder when 18326 is divided by 6100?
26
What is the remainder when 127567 is divided by 268?
267
Calculate the remainder when 635 is divided by 175.
110
What is the remainder when 2239 is divided by 17?
12
What is the remainder when 220440 is divided by 110218?
4
What is the remainder when 1102 is divided by 269?
26
Calculate the remainder when 3780 is divided by 226.
164
What is the remainder when 219655 is divided by 277?
271
Calculate the remainder when 61589 is divided by 17.
15
Calculate the remainder when 1061869 is divided by 499.
496
What is the remainder when 44010 is divided by 4?
2
What is the remainder when 4043152 is divided by 582?
580
Calculate the remainder when 15445 is divided by 1686.
271
Calculate the remainder when 18527 is divided by 2444.
1419
Calculate the remainder when 486 is divided by 340.
146
Calculate the remainder when 13534 is divided by 218.
18
What is the remainder when 37990 is divided by 535?
5
What is the remainder when 138724 is divided by 54?
52
What is the remainder when 256284 is divided by 37?
22
Calculate the remainder when 2358 is divided by 549.
162
What is the remainder when 3039 is divided by 336?
15
What is the remainder when 7178 is divided by 7066?
112
Calculate the remainder when 90003 is divided by 1800.
3
Calculate the remainder when 617103 is divided by 50.
3
What is the remainder when 13093 is divided by 4362?
7
What is the remainder when 8558 is divided by 2403?
1349
What is the remainder when 3557 is divided by 501?
50
What is the remainder when 17572 is divided by 451?
434
Calculate the remainder when 11076 is divided by 1384.
4
Calculate the remainder when 3101 is divided by 999.
104
Calculate the remainder when 50914 is divided by 1497.
16
Calculate the remainder when 10904 is divided by 3408.
680
Calculate the remainder when 101959 is divided by 62.
31
What is the remainder when 34770 is divided by 84?
78
What is the remainder when 1781 is divided by 781?
219
Calculate the remainder when 55460 is divided by 46.
30
What is the remainder when 215699 is divided by 219?
203
Calculate the remainder when 155450 is divided by 51808.
26
What is the remainder when 9917 is divided by 160?
157
What is the remainder when 37881 is divided by 12468?
477
What is the remainder when 32459 is divided by 32435?
24
What is the remainder when 218579 is divided by 109268?
43
Calculate the remainder when 8989 is divided by 4480.
29
Calculate the remainder when 34376 is divided by 8589.
20
What is the remainder when 712199 is divided by 150?
149
What is the remainder when 813 is divided by 212?
177
Calculate the remainder when 17249 is divided by 216.
185
What is the remainder when 45961 is divided by 3828?
25
What is the remainder when 19627 is divided by 103?
57
What is the remainder when 1665 is divided by 240?
225
Calculate the remainder when 677351 is divided by 13.
12
What is the remainder when 277727 is divided by 61?
55
Calculate the remainder when 63390 is divided by 278.
6
Calculate the remainder when 145809 is divided by 29.
26
What is the remainder when 12736 is divided by 585?
451
What is the remainder when 50218 is divided by 93?
91
Calculate the remainder when 4520 is divided by 642.
26
Calculate the remainder when 2952184 is divided by 51.
49
What is the remainder when 36406 is divided by 22?
18
Calculate the remainder when 4689 is divided by 96.
81
Calculate the remainder when 28485 is divided by 75.
60
Calculate the remainder when 2566651 is divided by 18.
13
Calculate the remainder when 81809 is divided by 44.
13
Calculate the remainder when 5631 is divided by 127.
43
What is the remainder when 94654 is divided by 560?
14
Calculate the remainder when 511 is divided by 279.
232
Calculate the remainder when 452112 is divided by 153.
150
Calculate the remainder when 36332 is divided by 167.
93
What is the remainder when 2470 is divided by 669?
463
Calculate the remainder when 47591 is divided by 27.
17
What is the remainder when 19088 is divided by 52?
4
What is the remainder when 3458 is divided by 181?
19
What is the remainder when 392 is divided by 246?
146
What is the remainder when 1447 is divided by 340?
87
Calculate the remainder when 12339 is divided by 130.
119
Calculate the remainder when 292898 is divided by 12.
2
Calculate the remainder when 2225 is divided by 42.
41
Calculate the remainder when 756 is divided by 12.
0
What is the remainder when 791 is divided by 146?
61
What is the remainder when 4611 is divided by 258?
225
What is the remainder when 1602 is divided by 321?
318
What is the remainder when 9271 is divided by 1850?
21
What is the remainder when 50440 is divided by 212?
196
What is the remainder when 22608 is divided by 38?
36
What is the remainder when 17407 is divided by 4348?
15
What is the remainder when 15056 is divided by 518?
34
Calculate the remainder when 52069 is divided by 3060.
49
What is the remainder when 5339 is divided by 411?
407
What is the remainder when 720867 is divided by 77?
70
What is the remainder when 206634 is divided by 11?
10
What is the remainder when 182486 is divided by 377?
18
Calculate the remainder when 13929 is divided by 42.
27
Calculate the remainder when 21453 is divided by 16.
13
Calculate the remainder when 1764 is divided by 118.
112
What is the remainder when 65744 is divided by 295?
254
What is the remainder when 3700 is divided by 1028?
616
What is the remainder when 31346 is divided by 23?
20
What is the remainder when 2499 is divided by 244?
59
Calculate the remainder when 87218 is divided by 40.
18
Calculate the remainder when 1220 is divided by 1174.
46
Calculate the remainder when 56977 is divided by 74.
71
What is the remainder when 34245 is divided by 6?
3
What is the remainder when 472291 is divided by 284?
283
What is the remainder when 1050419 is divided by 263?
260
Calculate the remainder when 2860 is divided by 478.
470
What is the remainder when 115557 is divided by 103?
94
Calculate the remainder when 33614 is divided by 29.
3
What is the remainder when 4970 is divided by 44?
42
What is the remainder when 4041 is divided by 52?
37
What is the remainder when 45039 is divided by 291?
225
Calculate the remainder when 27025 is divide